{"id":396,"date":"2025-11-06T16:04:03","date_gmt":"2025-11-06T16:04:03","guid":{"rendered":"https:\/\/weframeproject.eu\/?post_type=resource&#038;p=396"},"modified":"2025-11-18T15:21:51","modified_gmt":"2025-11-18T15:21:51","slug":"materials-from-the-webinar-who-shapes-the-gender-stories-in-2025-16-october-2025","status":"publish","type":"resource","link":"https:\/\/weframeproject.eu\/it\/resource\/materials-from-the-webinar-who-shapes-the-gender-stories-in-2025-16-october-2025\/","title":{"rendered":"Who Shapes the Gender Stories in 2025 | 16 October 2025"},"content":{"rendered":"\n<p>On 16 October 2025, the online panel \u2018Who Shapes the Gender Stories in 2025\u2019 was held as part of WP11 of the WE Frame project. The webinar was presented during the<strong> Erasmus+ Days 2025<\/strong>.<\/p>\n\n\n\n<p>On this page, you can find <strong>information and materials<\/strong> about the webinar.<\/p>\n\n\n\n<figure class=\"wp-block-embed is-type-video is-provider-youtube wp-block-embed-youtube wp-embed-aspect-16-9 wp-has-aspect-ratio\"><div class=\"wp-block-embed__wrapper\">\n<iframe loading=\"lazy\" title=\"Who Shapes the Gender Stories in 2025\" width=\"500\" height=\"281\" src=\"https:\/\/www.youtube.com\/embed\/wsjXUPxzcNk?feature=oembed\" frameborder=\"0\" allow=\"accelerometer; autoplay; clipboard-write; encrypted-media; gyroscope; picture-in-picture; web-share\" referrerpolicy=\"strict-origin-when-cross-origin\" allowfullscreen><\/iframe>\n<\/div><\/figure>\n\n\n\n<p>Drawing on the storytelling focus of the Future Narratives Project and the feminist knowledge creation approach of the WeFrame project, we explored how \u2018gender\u2019 is negotiated in today\u2019s media landscape and how storytelling can be used to reclaim space for inclusion.<\/p>\n\n\n\n<p>Media, from newspapers to YouTube, have a decisive influence on what we think, believe, and act upon. Yet, from an intersectional perspective, media knowledge is often shaped by few influential voices: for instance, women comprise only 30% of quoted experts in European media. In this environment, stories about gender are rapidly reshaping online spaces, daily interactions and may well shape public policy across Europe. We are seeing resistance to feminist and queer narratives, along with a rise of both longstanding and emerging perspectives such as \u2018tradwives\u2019, \u2018incels\u2019, and \u2018red pill\u2019 movements. There are also narratives in-between, like \u2018crunchy moms\u2019 and \u2018gender-critical feminists\u2019, that do not fit easily into right- or left-wing categories.<\/p>\n\n\n\n<p>The event was attended by:<\/p>\n\n\n\n<p>\ud83c\udfa4 Tatiana Migaesi, from Traces&amp;Dreams | WeFrame [moderation]<br>\ud83c\udfa4 Sebastian Mellgren, from Traces&amp;Dreams | Future Narratives [moderation]<br>\ud83c\udfa4 Tonya Blowers, Coordinator at Organization for Women in Science for the Developing World (OWSD)<br>\ud83c\udfa4 Erika Ruonakoski, from H\u00e1sk\u00f3li \u00cdslands | Gender and Philosophy Project<br>\ud83c\udfa4 Irene Kamba, from The Serendipitous Black Cloud<br>\ud83c\udfa4 Amalia Ranieri, from Sinergie | Future Chronicles Project<br>\ud83c\udfa4 Ingrid Dyrnes Svendsen, from JM Norway | LOUD! Bandcamp Youth Worker Exchange<br>\ud83c\udfa4 Joschka K\u00f6ck, from Theater der Unterdr\u00fcckten Wien<br>\ud83c\udfa4 Aroa Carmona Valero, from Ocean Znanja u Republici Hrvatskoj | SHENARRATOR<br>\ud83c\udfa4 Hara Papadatou, from Inter Alia | Mothers of Europe<\/p>\n\n\n\n<p><\/p>\n","protected":false},"featured_media":399,"template":"","meta":{"_acf_changed":true},"resource-category":[13],"resource-tag":[28,25],"class_list":["post-396","resource","type-resource","status-publish","has-post-thumbnail","hentry","resource-category-created","resource-tag-media","resource-tag-online-panel"],"acf":[],"yoast_head":"<!-- This site is optimized with the Yoast SEO plugin v27.4 - https:\/\/yoast.com\/product\/yoast-seo-wordpress\/ -->\n<title>Who Shapes the Gender Stories in 2025 | 16 October 2025 - WeFrame<\/title>\n<meta name=\"robots\" content=\"index, follow, max-snippet:-1, max-image-preview:large, max-video-preview:-1\" \/>\n<link rel=\"canonical\" href=\"https:\/\/weframeproject.eu\/it\/resource\/materials-from-the-webinar-who-shapes-the-gender-stories-in-2025-16-october-2025\/\" \/>\n<meta property=\"og:locale\" content=\"it_IT\" \/>\n<meta property=\"og:type\" content=\"article\" \/>\n<meta property=\"og:title\" content=\"Who Shapes the Gender Stories in 2025 | 16 October 2025 - WeFrame\" \/>\n<meta property=\"og:description\" content=\"On 16 October 2025, the online panel \u2018Who Shapes the Gender Stories in 2025\u2019 was held as part of WP11 of the WE Frame project. The webinar was presented during the Erasmus+ Days 2025. On this page, you can find information and materials about the webinar. Drawing on the storytelling focus of the Future Narratives [&hellip;]\" \/>\n<meta property=\"og:url\" content=\"https:\/\/weframeproject.eu\/it\/resource\/materials-from-the-webinar-who-shapes-the-gender-stories-in-2025-16-october-2025\/\" \/>\n<meta property=\"og:site_name\" content=\"WeFrame\" \/>\n<meta property=\"article:modified_time\" content=\"2025-11-18T15:21:51+00:00\" \/>\n<meta property=\"og:image\" content=\"https:\/\/weframeproject.eu\/wp-content\/uploads\/2025\/11\/Screenshot-2025-10-16-at-17.39.10-1.png\" \/>\n\t<meta property=\"og:image:width\" content=\"2054\" \/>\n\t<meta property=\"og:image:height\" content=\"1590\" \/>\n\t<meta property=\"og:image:type\" content=\"image\/png\" \/>\n<meta name=\"twitter:card\" content=\"summary_large_image\" \/>\n<meta name=\"twitter:label1\" content=\"Tempo di lettura stimato\" \/>\n\t<meta name=\"twitter:data1\" content=\"2 minuti\" \/>\n<script type=\"application\/ld+json\" class=\"yoast-schema-graph\">{\"@context\":\"https:\\\/\\\/schema.org\",\"@graph\":[{\"@type\":\"WebPage\",\"@id\":\"https:\\\/\\\/weframeproject.eu\\\/resource\\\/materials-from-the-webinar-who-shapes-the-gender-stories-in-2025-16-october-2025\\\/\",\"url\":\"https:\\\/\\\/weframeproject.eu\\\/resource\\\/materials-from-the-webinar-who-shapes-the-gender-stories-in-2025-16-october-2025\\\/\",\"name\":\"Who Shapes the Gender Stories in 2025 | 16 October 2025 - WeFrame\",\"isPartOf\":{\"@id\":\"https:\\\/\\\/weframeproject.eu\\\/#website\"},\"primaryImageOfPage\":{\"@id\":\"https:\\\/\\\/weframeproject.eu\\\/resource\\\/materials-from-the-webinar-who-shapes-the-gender-stories-in-2025-16-october-2025\\\/#primaryimage\"},\"image\":{\"@id\":\"https:\\\/\\\/weframeproject.eu\\\/resource\\\/materials-from-the-webinar-who-shapes-the-gender-stories-in-2025-16-october-2025\\\/#primaryimage\"},\"thumbnailUrl\":\"https:\\\/\\\/weframeproject.eu\\\/wp-content\\\/uploads\\\/2025\\\/11\\\/Screenshot-2025-10-16-at-17.39.10-1.png\",\"datePublished\":\"2025-11-06T16:04:03+00:00\",\"dateModified\":\"2025-11-18T15:21:51+00:00\",\"breadcrumb\":{\"@id\":\"https:\\\/\\\/weframeproject.eu\\\/resource\\\/materials-from-the-webinar-who-shapes-the-gender-stories-in-2025-16-october-2025\\\/#breadcrumb\"},\"inLanguage\":\"it-IT\",\"potentialAction\":[{\"@type\":\"ReadAction\",\"target\":[\"https:\\\/\\\/weframeproject.eu\\\/resource\\\/materials-from-the-webinar-who-shapes-the-gender-stories-in-2025-16-october-2025\\\/\"]}]},{\"@type\":\"ImageObject\",\"inLanguage\":\"it-IT\",\"@id\":\"https:\\\/\\\/weframeproject.eu\\\/resource\\\/materials-from-the-webinar-who-shapes-the-gender-stories-in-2025-16-october-2025\\\/#primaryimage\",\"url\":\"https:\\\/\\\/weframeproject.eu\\\/wp-content\\\/uploads\\\/2025\\\/11\\\/Screenshot-2025-10-16-at-17.39.10-1.png\",\"contentUrl\":\"https:\\\/\\\/weframeproject.eu\\\/wp-content\\\/uploads\\\/2025\\\/11\\\/Screenshot-2025-10-16-at-17.39.10-1.png\",\"width\":2054,\"height\":1590},{\"@type\":\"BreadcrumbList\",\"@id\":\"https:\\\/\\\/weframeproject.eu\\\/resource\\\/materials-from-the-webinar-who-shapes-the-gender-stories-in-2025-16-october-2025\\\/#breadcrumb\",\"itemListElement\":[{\"@type\":\"ListItem\",\"position\":1,\"name\":\"Home\",\"item\":\"https:\\\/\\\/weframeproject.eu\\\/\"},{\"@type\":\"ListItem\",\"position\":2,\"name\":\"Who Shapes the Gender Stories in 2025 | 16 October 2025\"}]},{\"@type\":\"WebSite\",\"@id\":\"https:\\\/\\\/weframeproject.eu\\\/#website\",\"url\":\"https:\\\/\\\/weframeproject.eu\\\/\",\"name\":\"WeFrame\",\"description\":\"\",\"potentialAction\":[{\"@type\":\"SearchAction\",\"target\":{\"@type\":\"EntryPoint\",\"urlTemplate\":\"https:\\\/\\\/weframeproject.eu\\\/?s={search_term_string}\"},\"query-input\":{\"@type\":\"PropertyValueSpecification\",\"valueRequired\":true,\"valueName\":\"search_term_string\"}}],\"inLanguage\":\"it-IT\"}]}<\/script>\n<!-- \/ Yoast SEO plugin. -->","yoast_head_json":{"title":"Who Shapes the Gender Stories in 2025 | 16 October 2025 - WeFrame","robots":{"index":"index","follow":"follow","max-snippet":"max-snippet:-1","max-image-preview":"max-image-preview:large","max-video-preview":"max-video-preview:-1"},"canonical":"https:\/\/weframeproject.eu\/it\/resource\/materials-from-the-webinar-who-shapes-the-gender-stories-in-2025-16-october-2025\/","og_locale":"it_IT","og_type":"article","og_title":"Who Shapes the Gender Stories in 2025 | 16 October 2025 - WeFrame","og_description":"On 16 October 2025, the online panel \u2018Who Shapes the Gender Stories in 2025\u2019 was held as part of WP11 of the WE Frame project. The webinar was presented during the Erasmus+ Days 2025. On this page, you can find information and materials about the webinar. Drawing on the storytelling focus of the Future Narratives [&hellip;]","og_url":"https:\/\/weframeproject.eu\/it\/resource\/materials-from-the-webinar-who-shapes-the-gender-stories-in-2025-16-october-2025\/","og_site_name":"WeFrame","article_modified_time":"2025-11-18T15:21:51+00:00","og_image":[{"width":2054,"height":1590,"url":"https:\/\/weframeproject.eu\/wp-content\/uploads\/2025\/11\/Screenshot-2025-10-16-at-17.39.10-1.png","type":"image\/png"}],"twitter_card":"summary_large_image","twitter_misc":{"Tempo di lettura stimato":"2 minuti"},"schema":{"@context":"https:\/\/schema.org","@graph":[{"@type":"WebPage","@id":"https:\/\/weframeproject.eu\/resource\/materials-from-the-webinar-who-shapes-the-gender-stories-in-2025-16-october-2025\/","url":"https:\/\/weframeproject.eu\/resource\/materials-from-the-webinar-who-shapes-the-gender-stories-in-2025-16-october-2025\/","name":"Who Shapes the Gender Stories in 2025 | 16 October 2025 - WeFrame","isPartOf":{"@id":"https:\/\/weframeproject.eu\/#website"},"primaryImageOfPage":{"@id":"https:\/\/weframeproject.eu\/resource\/materials-from-the-webinar-who-shapes-the-gender-stories-in-2025-16-october-2025\/#primaryimage"},"image":{"@id":"https:\/\/weframeproject.eu\/resource\/materials-from-the-webinar-who-shapes-the-gender-stories-in-2025-16-october-2025\/#primaryimage"},"thumbnailUrl":"https:\/\/weframeproject.eu\/wp-content\/uploads\/2025\/11\/Screenshot-2025-10-16-at-17.39.10-1.png","datePublished":"2025-11-06T16:04:03+00:00","dateModified":"2025-11-18T15:21:51+00:00","breadcrumb":{"@id":"https:\/\/weframeproject.eu\/resource\/materials-from-the-webinar-who-shapes-the-gender-stories-in-2025-16-october-2025\/#breadcrumb"},"inLanguage":"it-IT","potentialAction":[{"@type":"ReadAction","target":["https:\/\/weframeproject.eu\/resource\/materials-from-the-webinar-who-shapes-the-gender-stories-in-2025-16-october-2025\/"]}]},{"@type":"ImageObject","inLanguage":"it-IT","@id":"https:\/\/weframeproject.eu\/resource\/materials-from-the-webinar-who-shapes-the-gender-stories-in-2025-16-october-2025\/#primaryimage","url":"https:\/\/weframeproject.eu\/wp-content\/uploads\/2025\/11\/Screenshot-2025-10-16-at-17.39.10-1.png","contentUrl":"https:\/\/weframeproject.eu\/wp-content\/uploads\/2025\/11\/Screenshot-2025-10-16-at-17.39.10-1.png","width":2054,"height":1590},{"@type":"BreadcrumbList","@id":"https:\/\/weframeproject.eu\/resource\/materials-from-the-webinar-who-shapes-the-gender-stories-in-2025-16-october-2025\/#breadcrumb","itemListElement":[{"@type":"ListItem","position":1,"name":"Home","item":"https:\/\/weframeproject.eu\/"},{"@type":"ListItem","position":2,"name":"Who Shapes the Gender Stories in 2025 | 16 October 2025"}]},{"@type":"WebSite","@id":"https:\/\/weframeproject.eu\/#website","url":"https:\/\/weframeproject.eu\/","name":"WeFrame","description":"","potentialAction":[{"@type":"SearchAction","target":{"@type":"EntryPoint","urlTemplate":"https:\/\/weframeproject.eu\/?s={search_term_string}"},"query-input":{"@type":"PropertyValueSpecification","valueRequired":true,"valueName":"search_term_string"}}],"inLanguage":"it-IT"}]}},"_links":{"self":[{"href":"https:\/\/weframeproject.eu\/it\/wp-json\/wp\/v2\/resource\/396","targetHints":{"allow":["GET"]}}],"collection":[{"href":"https:\/\/weframeproject.eu\/it\/wp-json\/wp\/v2\/resource"}],"about":[{"href":"https:\/\/weframeproject.eu\/it\/wp-json\/wp\/v2\/types\/resource"}],"wp:featuredmedia":[{"embeddable":true,"href":"https:\/\/weframeproject.eu\/it\/wp-json\/wp\/v2\/media\/399"}],"wp:attachment":[{"href":"https:\/\/weframeproject.eu\/it\/wp-json\/wp\/v2\/media?parent=396"}],"wp:term":[{"taxonomy":"resource-category","embeddable":true,"href":"https:\/\/weframeproject.eu\/it\/wp-json\/wp\/v2\/resource-category?post=396"},{"taxonomy":"resource-tag","embeddable":true,"href":"https:\/\/weframeproject.eu\/it\/wp-json\/wp\/v2\/resource-tag?post=396"}],"curies":[{"name":"wp","href":"https:\/\/api.w.org\/{rel}","templated":true}]}}

<p>On 16 October 2025, the online panel ‘Who Shapes the Gender Stories in 2025’ was held as part of WP11 of the WE Frame project. The webinar was presented during the<strong> Erasmus+ Days 2025</strong>.</p>



<p>On this page, you can find <strong>information and materials</strong> about the webinar.</p>



<figure class="wp-block-embed is-type-video is-provider-youtube wp-block-embed-youtube wp-embed-aspect-16-9 wp-has-aspect-ratio"><div class="wp-block-embed__wrapper">
<iframe loading="lazy" title="Who Shapes the Gender Stories in 2025" width="500" height="281" src="https://www.youtube.com/embed/wsjXUPxzcNk?feature=oembed" frameborder="0" allow="accelerometer; autoplay; clipboard-write; encrypted-media; gyroscope; picture-in-picture; web-share" referrerpolicy="strict-origin-when-cross-origin" allowfullscreen></iframe>
</div></figure>



<p>Drawing on the storytelling focus of the Future Narratives Project and the feminist knowledge creation approach of the WeFrame project, we explored how ‘gender’ is negotiated in today’s media landscape and how storytelling can be used to reclaim space for inclusion.</p>



<p>Media, from newspapers to YouTube, have a decisive influence on what we think, believe, and act upon. Yet, from an intersectional perspective, media knowledge is often shaped by few influential voices: for instance, women comprise only 30% of quoted experts in European media. In this environment, stories about gender are rapidly reshaping online spaces, daily interactions and may well shape public policy across Europe. We are seeing resistance to feminist and queer narratives, along with a rise of both longstanding and emerging perspectives such as ‘tradwives’, ‘incels’, and ‘red pill’ movements. There are also narratives in-between, like ‘crunchy moms’ and ‘gender-critical feminists’, that do not fit easily into right- or left-wing categories.</p>



<p>The event was attended by:</p>



<p>🎤 Tatiana Migaesi, from Traces&amp;Dreams | WeFrame [moderation]<br>🎤 Sebastian Mellgren, from Traces&amp;Dreams | Future Narratives [moderation]<br>🎤 Tonya Blowers, Coordinator at Organization for Women in Science for the Developing World (OWSD)<br>🎤 Erika Ruonakoski, from Háskóli Íslands | Gender and Philosophy Project<br>🎤 Irene Kamba, from The Serendipitous Black Cloud<br>🎤 Amalia Ranieri, from Sinergie | Future Chronicles Project<br>🎤 Ingrid Dyrnes Svendsen, from JM Norway | LOUD! Bandcamp Youth Worker Exchange<br>🎤 Joschka Köck, from Theater der Unterdrückten Wien<br>🎤 Aroa Carmona Valero, from Ocean Znanja u Republici Hrvatskoj | SHENARRATOR<br>🎤 Hara Papadatou, from Inter Alia | Mothers of Europe</p>



<p></p>
