{"id":1021,"date":"2026-04-27T16:08:56","date_gmt":"2026-04-27T15:08:56","guid":{"rendered":"https:\/\/weframeproject.eu\/?post_type=resource&#038;p=1021"},"modified":"2026-04-27T16:08:57","modified_gmt":"2026-04-27T15:08:57","slug":"we-must-recognize-equality-through-diversity-a-conversation-with-camilla-caselli","status":"publish","type":"resource","link":"https:\/\/weframeproject.eu\/it\/resource\/we-must-recognize-equality-through-diversity-a-conversation-with-camilla-caselli\/","title":{"rendered":"Dobbiamo riconoscere l'uguaglianza attraverso la diversit\u00e0 | Una conversazione con Camilla Caselli"},"content":{"rendered":"<p>Nel terzo laboratorio del progetto We-Frame, intitolato \u00abUguaglianza e corpo\u00bb, abbiamo cercato di capire in che modo la nostra presenza fisica definisce il nostro posto nella societ\u00e0. I contesti giuridici e sociali plasmano la percezione e la realt\u00e0 fisica, offrendo spunti di riflessione sull\u2019intersezione tra fisicit\u00e0 e diritti fondamentali.<\/p>\n\n\n\n<p>In questa intervista abbiamo parlato con Camilla Caselli, dottoranda in Filosofia del Diritto presso l\u2019Universit\u00e0 degli Studi di Milano e l\u2019Universit\u00e0 Carlo III di Madrid. \u00c8 stata una delle relatrici del terzo laboratorio della serie.<\/p>\n\n\n\n<p><strong>Vorrei fare qualche domanda sul seminario di oggi. Potresti descrivere cosa abbiamo fatto e spiegarmi perch\u00e9 \u00e8 importante?<\/strong><\/p>\n\n\n\n<p>Credo che il seminario di oggi sia importante perch\u00e9 ci permette di mettere in relazione temi che sono, per cos\u00ec dire, molto \u201cpop\u201d (come l\u2019abbigliamento, la nostra rappresentazione attraverso la moda e i marchi) con ci\u00f2 che significa per noi appartenere a una determinata identit\u00e0. Esplora cosa significhi per noi scegliere di riconoscerci in un gruppo, come immaginiamo la nostra esperienza esterna e come questa possa riflettere la nostra interiorit\u00e0.<\/p>\n\n\n\n<p><strong>Secondo te, qual \u00e8 la sfida pi\u00f9 grande che la societ\u00e0 e il diritto devono affrontare oggi in materia di tutela dell'integrit\u00e0 fisica delle persone?<\/strong><\/p>\n\n\n\n<p>Credo che in questo momento sia importante riconoscere l'uguaglianza attraverso la diversit\u00e0. Ci\u00f2 significa non appiattire le identit\u00e0 dei singoli individui o di chi appartiene a determinati gruppi. Dovremmo invece valorizzare (da una prospettiva pi\u00f9 femminista, queer e intersezionale) ci\u00f2 che significa essere se stessi, senza perdere di vista la dimensione delle pari opportunit\u00e0 e dell'accesso allo spazio pubblico che l'uguaglianza ci garantisce.<\/p>\n\n\n\n<p><strong>Visto che hai menzionato l'intersezionalit\u00e0, in che modo l'intersezione tra il nostro aspetto fisico e i nostri diritti fondamentali influisce sulla nostra vita all'interno della societ\u00e0?<\/strong><\/p>\n\n\n\n<p>Credo sia importante riconoscere che l'intersezionalit\u00e0 non \u00e8 solo un'intersezione di elementi caratteristici, ma anche un'intersezione di lotte. Dietro certe caratteristiche si celano battaglie collettive che danno vita a tutta una serie di soggettivit\u00e0 solitamente invisibili al grande pubblico. La sfida per la societ\u00e0, in una prospettiva intersezionale, \u00e8 quella di accogliere queste battaglie e valorizzarle.<\/p>\n\n\n\n<p><strong>Ritieni che ci sia ancora molta strada da fare per raggiungere questo livello di uguaglianza? Come vedi il futuro e quali misure dovrebbero essere adottate per raggiungere tale obiettivo?<\/strong><\/p>\n\n\n\n<p>Credo che il percorso, piuttosto che essere lungo, possa essere molto frammentato, e che ci possano essere molti modi per raggiungere l'obiettivo. Questi metodi sono gi\u00e0 stati messi alla prova e consolidati da numerosi collettivi, gruppi e associazioni che lavorano per rendere visibile l'invisibile. In realt\u00e0, basterebbe semplicemente ascoltare e imparare queste pratiche, per poi metterle in comune il pi\u00f9 possibile.<\/p>\n\n\n\n<p><\/p>","protected":false},"featured_media":969,"template":"","meta":{"_acf_changed":false},"resource-category":[13],"resource-tag":[],"class_list":["post-1021","resource","type-resource","status-publish","has-post-thumbnail","hentry","resource-category-created"],"acf":[],"yoast_head":"<!-- This site is optimized with the Yoast SEO plugin v27.4 - https:\/\/yoast.com\/product\/yoast-seo-wordpress\/ -->\n<title>We must recognize equality through diversity | A conversation with Camilla Caselli - WeFrame<\/title>\n<meta name=\"robots\" content=\"index, follow, max-snippet:-1, max-image-preview:large, max-video-preview:-1\" \/>\n<link rel=\"canonical\" href=\"https:\/\/weframeproject.eu\/it\/resource\/we-must-recognize-equality-through-diversity-a-conversation-with-camilla-caselli\/\" \/>\n<meta property=\"og:locale\" content=\"it_IT\" \/>\n<meta property=\"og:type\" content=\"article\" \/>\n<meta property=\"og:title\" content=\"We must recognize equality through diversity | A conversation with Camilla Caselli - WeFrame\" \/>\n<meta property=\"og:description\" content=\"In the third We-Frame project laboratory, \u201cEquality and Body,\u201d we tried to understand how our physical presence defines our place in society. Legal and social frameworks shape perception and physical reality, offering insights into the intersection between physicality and fundamental rights. In this interview, we talked to Camilla Caselli, a PhD candidate in Philosophy of [&hellip;]\" \/>\n<meta property=\"og:url\" content=\"https:\/\/weframeproject.eu\/it\/resource\/we-must-recognize-equality-through-diversity-a-conversation-with-camilla-caselli\/\" \/>\n<meta property=\"og:site_name\" content=\"WeFrame\" \/>\n<meta property=\"article:modified_time\" content=\"2026-04-27T15:08:57+00:00\" \/>\n<meta property=\"og:image\" content=\"https:\/\/weframeproject.eu\/wp-content\/uploads\/2026\/04\/WhatsApp-Image-2026-04-01-at-12.04.10-4.jpeg\" \/>\n\t<meta property=\"og:image:width\" content=\"1600\" \/>\n\t<meta property=\"og:image:height\" content=\"1200\" \/>\n\t<meta property=\"og:image:type\" content=\"image\/jpeg\" \/>\n<meta name=\"twitter:card\" content=\"summary_large_image\" \/>\n<meta name=\"twitter:label1\" content=\"Tempo di lettura stimato\" \/>\n\t<meta name=\"twitter:data1\" content=\"3 minuti\" \/>\n<script type=\"application\/ld+json\" class=\"yoast-schema-graph\">{\"@context\":\"https:\\\/\\\/schema.org\",\"@graph\":[{\"@type\":\"WebPage\",\"@id\":\"https:\\\/\\\/weframeproject.eu\\\/resource\\\/we-must-recognize-equality-through-diversity-a-conversation-with-camilla-caselli\\\/\",\"url\":\"https:\\\/\\\/weframeproject.eu\\\/resource\\\/we-must-recognize-equality-through-diversity-a-conversation-with-camilla-caselli\\\/\",\"name\":\"We must recognize equality through diversity | A conversation with Camilla Caselli - WeFrame\",\"isPartOf\":{\"@id\":\"https:\\\/\\\/weframeproject.eu\\\/#website\"},\"primaryImageOfPage\":{\"@id\":\"https:\\\/\\\/weframeproject.eu\\\/resource\\\/we-must-recognize-equality-through-diversity-a-conversation-with-camilla-caselli\\\/#primaryimage\"},\"image\":{\"@id\":\"https:\\\/\\\/weframeproject.eu\\\/resource\\\/we-must-recognize-equality-through-diversity-a-conversation-with-camilla-caselli\\\/#primaryimage\"},\"thumbnailUrl\":\"https:\\\/\\\/weframeproject.eu\\\/wp-content\\\/uploads\\\/2026\\\/04\\\/WhatsApp-Image-2026-04-01-at-12.04.10-4.jpeg\",\"datePublished\":\"2026-04-27T15:08:56+00:00\",\"dateModified\":\"2026-04-27T15:08:57+00:00\",\"breadcrumb\":{\"@id\":\"https:\\\/\\\/weframeproject.eu\\\/resource\\\/we-must-recognize-equality-through-diversity-a-conversation-with-camilla-caselli\\\/#breadcrumb\"},\"inLanguage\":\"it-IT\",\"potentialAction\":[{\"@type\":\"ReadAction\",\"target\":[\"https:\\\/\\\/weframeproject.eu\\\/resource\\\/we-must-recognize-equality-through-diversity-a-conversation-with-camilla-caselli\\\/\"]}]},{\"@type\":\"ImageObject\",\"inLanguage\":\"it-IT\",\"@id\":\"https:\\\/\\\/weframeproject.eu\\\/resource\\\/we-must-recognize-equality-through-diversity-a-conversation-with-camilla-caselli\\\/#primaryimage\",\"url\":\"https:\\\/\\\/weframeproject.eu\\\/wp-content\\\/uploads\\\/2026\\\/04\\\/WhatsApp-Image-2026-04-01-at-12.04.10-4.jpeg\",\"contentUrl\":\"https:\\\/\\\/weframeproject.eu\\\/wp-content\\\/uploads\\\/2026\\\/04\\\/WhatsApp-Image-2026-04-01-at-12.04.10-4.jpeg\",\"width\":1600,\"height\":1200},{\"@type\":\"BreadcrumbList\",\"@id\":\"https:\\\/\\\/weframeproject.eu\\\/resource\\\/we-must-recognize-equality-through-diversity-a-conversation-with-camilla-caselli\\\/#breadcrumb\",\"itemListElement\":[{\"@type\":\"ListItem\",\"position\":1,\"name\":\"Home\",\"item\":\"https:\\\/\\\/weframeproject.eu\\\/\"},{\"@type\":\"ListItem\",\"position\":2,\"name\":\"We must recognize equality through diversity | A conversation with Camilla Caselli\"}]},{\"@type\":\"WebSite\",\"@id\":\"https:\\\/\\\/weframeproject.eu\\\/#website\",\"url\":\"https:\\\/\\\/weframeproject.eu\\\/\",\"name\":\"WeFrame\",\"description\":\"\",\"potentialAction\":[{\"@type\":\"SearchAction\",\"target\":{\"@type\":\"EntryPoint\",\"urlTemplate\":\"https:\\\/\\\/weframeproject.eu\\\/?s={search_term_string}\"},\"query-input\":{\"@type\":\"PropertyValueSpecification\",\"valueRequired\":true,\"valueName\":\"search_term_string\"}}],\"inLanguage\":\"it-IT\"}]}<\/script>\n<!-- \/ Yoast SEO plugin. -->","yoast_head_json":{"title":"We must recognize equality through diversity | A conversation with Camilla Caselli - WeFrame","robots":{"index":"index","follow":"follow","max-snippet":"max-snippet:-1","max-image-preview":"max-image-preview:large","max-video-preview":"max-video-preview:-1"},"canonical":"https:\/\/weframeproject.eu\/it\/resource\/we-must-recognize-equality-through-diversity-a-conversation-with-camilla-caselli\/","og_locale":"it_IT","og_type":"article","og_title":"We must recognize equality through diversity | A conversation with Camilla Caselli - WeFrame","og_description":"In the third We-Frame project laboratory, \u201cEquality and Body,\u201d we tried to understand how our physical presence defines our place in society. Legal and social frameworks shape perception and physical reality, offering insights into the intersection between physicality and fundamental rights. In this interview, we talked to Camilla Caselli, a PhD candidate in Philosophy of [&hellip;]","og_url":"https:\/\/weframeproject.eu\/it\/resource\/we-must-recognize-equality-through-diversity-a-conversation-with-camilla-caselli\/","og_site_name":"WeFrame","article_modified_time":"2026-04-27T15:08:57+00:00","og_image":[{"width":1600,"height":1200,"url":"https:\/\/weframeproject.eu\/wp-content\/uploads\/2026\/04\/WhatsApp-Image-2026-04-01-at-12.04.10-4.jpeg","type":"image\/jpeg"}],"twitter_card":"summary_large_image","twitter_misc":{"Tempo di lettura stimato":"3 minuti"},"schema":{"@context":"https:\/\/schema.org","@graph":[{"@type":"WebPage","@id":"https:\/\/weframeproject.eu\/resource\/we-must-recognize-equality-through-diversity-a-conversation-with-camilla-caselli\/","url":"https:\/\/weframeproject.eu\/resource\/we-must-recognize-equality-through-diversity-a-conversation-with-camilla-caselli\/","name":"We must recognize equality through diversity | A conversation with Camilla Caselli - WeFrame","isPartOf":{"@id":"https:\/\/weframeproject.eu\/#website"},"primaryImageOfPage":{"@id":"https:\/\/weframeproject.eu\/resource\/we-must-recognize-equality-through-diversity-a-conversation-with-camilla-caselli\/#primaryimage"},"image":{"@id":"https:\/\/weframeproject.eu\/resource\/we-must-recognize-equality-through-diversity-a-conversation-with-camilla-caselli\/#primaryimage"},"thumbnailUrl":"https:\/\/weframeproject.eu\/wp-content\/uploads\/2026\/04\/WhatsApp-Image-2026-04-01-at-12.04.10-4.jpeg","datePublished":"2026-04-27T15:08:56+00:00","dateModified":"2026-04-27T15:08:57+00:00","breadcrumb":{"@id":"https:\/\/weframeproject.eu\/resource\/we-must-recognize-equality-through-diversity-a-conversation-with-camilla-caselli\/#breadcrumb"},"inLanguage":"it-IT","potentialAction":[{"@type":"ReadAction","target":["https:\/\/weframeproject.eu\/resource\/we-must-recognize-equality-through-diversity-a-conversation-with-camilla-caselli\/"]}]},{"@type":"ImageObject","inLanguage":"it-IT","@id":"https:\/\/weframeproject.eu\/resource\/we-must-recognize-equality-through-diversity-a-conversation-with-camilla-caselli\/#primaryimage","url":"https:\/\/weframeproject.eu\/wp-content\/uploads\/2026\/04\/WhatsApp-Image-2026-04-01-at-12.04.10-4.jpeg","contentUrl":"https:\/\/weframeproject.eu\/wp-content\/uploads\/2026\/04\/WhatsApp-Image-2026-04-01-at-12.04.10-4.jpeg","width":1600,"height":1200},{"@type":"BreadcrumbList","@id":"https:\/\/weframeproject.eu\/resource\/we-must-recognize-equality-through-diversity-a-conversation-with-camilla-caselli\/#breadcrumb","itemListElement":[{"@type":"ListItem","position":1,"name":"Home","item":"https:\/\/weframeproject.eu\/"},{"@type":"ListItem","position":2,"name":"We must recognize equality through diversity | A conversation with Camilla Caselli"}]},{"@type":"WebSite","@id":"https:\/\/weframeproject.eu\/#website","url":"https:\/\/weframeproject.eu\/","name":"WeFrame","description":"","potentialAction":[{"@type":"SearchAction","target":{"@type":"EntryPoint","urlTemplate":"https:\/\/weframeproject.eu\/?s={search_term_string}"},"query-input":{"@type":"PropertyValueSpecification","valueRequired":true,"valueName":"search_term_string"}}],"inLanguage":"it-IT"}]}},"_links":{"self":[{"href":"https:\/\/weframeproject.eu\/it\/wp-json\/wp\/v2\/resource\/1021","targetHints":{"allow":["GET"]}}],"collection":[{"href":"https:\/\/weframeproject.eu\/it\/wp-json\/wp\/v2\/resource"}],"about":[{"href":"https:\/\/weframeproject.eu\/it\/wp-json\/wp\/v2\/types\/resource"}],"wp:featuredmedia":[{"embeddable":true,"href":"https:\/\/weframeproject.eu\/it\/wp-json\/wp\/v2\/media\/969"}],"wp:attachment":[{"href":"https:\/\/weframeproject.eu\/it\/wp-json\/wp\/v2\/media?parent=1021"}],"wp:term":[{"taxonomy":"resource-category","embeddable":true,"href":"https:\/\/weframeproject.eu\/it\/wp-json\/wp\/v2\/resource-category?post=1021"},{"taxonomy":"resource-tag","embeddable":true,"href":"https:\/\/weframeproject.eu\/it\/wp-json\/wp\/v2\/resource-tag?post=1021"}],"curies":[{"name":"wp","href":"https:\/\/api.w.org\/{rel}","templated":true}]}}

Dobbiamo riconoscere l'uguaglianza attraverso la diversità | Una conversazione con Camilla Caselli

<p>Nel terzo laboratorio del progetto We-Frame, intitolato «Uguaglianza e corpo», abbiamo cercato di capire in che modo la nostra presenza fisica definisce il nostro posto nella società. I contesti giuridici e sociali plasmano la percezione e la realtà fisica, offrendo spunti di riflessione sull’intersezione tra fisicità e diritti fondamentali.</p>



<p>In questa intervista abbiamo parlato con Camilla Caselli, dottoranda in Filosofia del Diritto presso l’Università degli Studi di Milano e l’Università Carlo III di Madrid. È stata una delle relatrici del terzo laboratorio della serie.</p>



<p><strong>Vorrei fare qualche domanda sul seminario di oggi. Potresti descrivere cosa abbiamo fatto e spiegarmi perché è importante?</strong></p>



<p>Credo che il seminario di oggi sia importante perché ci permette di mettere in relazione temi che sono, per così dire, molto “pop” (come l’abbigliamento, la nostra rappresentazione attraverso la moda e i marchi) con ciò che significa per noi appartenere a una determinata identità. Esplora cosa significhi per noi scegliere di riconoscerci in un gruppo, come immaginiamo la nostra esperienza esterna e come questa possa riflettere la nostra interiorità.</p>



<p><strong>Secondo te, qual è la sfida più grande che la società e il diritto devono affrontare oggi in materia di tutela dell'integrità fisica delle persone?</strong></p>



<p>Credo che in questo momento sia importante riconoscere l'uguaglianza attraverso la diversità. Ciò significa non appiattire le identità dei singoli individui o di chi appartiene a determinati gruppi. Dovremmo invece valorizzare (da una prospettiva più femminista, queer e intersezionale) ciò che significa essere se stessi, senza perdere di vista la dimensione delle pari opportunità e dell'accesso allo spazio pubblico che l'uguaglianza ci garantisce.</p>



<p><strong>Visto che hai menzionato l'intersezionalità, in che modo l'intersezione tra il nostro aspetto fisico e i nostri diritti fondamentali influisce sulla nostra vita all'interno della società?</strong></p>



<p>Credo sia importante riconoscere che l'intersezionalità non è solo un'intersezione di elementi caratteristici, ma anche un'intersezione di lotte. Dietro certe caratteristiche si celano battaglie collettive che danno vita a tutta una serie di soggettività solitamente invisibili al grande pubblico. La sfida per la società, in una prospettiva intersezionale, è quella di accogliere queste battaglie e valorizzarle.</p>



<p><strong>Ritieni che ci sia ancora molta strada da fare per raggiungere questo livello di uguaglianza? Come vedi il futuro e quali misure dovrebbero essere adottate per raggiungere tale obiettivo?</strong></p>



<p>Credo che il percorso, piuttosto che essere lungo, possa essere molto frammentato, e che ci possano essere molti modi per raggiungere l'obiettivo. Questi metodi sono già stati messi alla prova e consolidati da numerosi collettivi, gruppi e associazioni che lavorano per rendere visibile l'invisibile. In realtà, basterebbe semplicemente ascoltare e imparare queste pratiche, per poi metterle in comune il più possibile.</p>



<p></p>
